{"id":40,"date":"2021-06-24T16:58:07","date_gmt":"2021-06-24T14:58:07","guid":{"rendered":"https:\/\/groupepawo.cluster011.ovh.net\/?page_id=40"},"modified":"2021-06-24T17:23:26","modified_gmt":"2021-06-24T15:23:26","slug":"entretien-desinfection-vide-ordure-toulon","status":"publish","type":"page","link":"https:\/\/www.groupepare.com\/index.php\/entretien-desinfection-vide-ordure-toulon\/","title":{"rendered":"Entretien de vide-ordure"},"content":{"rendered":"\n<h2 class=\"wp-block-heading\">Quels sont les risques&nbsp;?<\/h2>\n\n\n\n<p>Un vide-ordure non entretenu, non nettoy\u00e9 comporte des risques pour l\u2019hygi\u00e8ne et la sant\u00e9 des personnes vivant ou travaillant aux alentours. En effet, comme dit pr\u00e9c\u00e9demment, cela favorise la propagation des bact\u00e9ries et des virus mais \u00e9galement des insectes et des rongeurs ainsi que des mauvaises odeurs.<\/p>\n\n\n\n<p>Il est essentiel, pour \u00e9viter ces risques, de faire appel \u00e0 nos services <strong>au moins deux fois par an<\/strong> pour d\u00e9contaminer les vide-ordures et ainsi <strong>r\u00e9duire au maximum les probl\u00e8mes d\u2019hygi\u00e8ne<\/strong> et \u00e9viter ces nuisances. <\/p>\n\n\n\n<p><\/p>\n\n\n\n<h2 class=\"wp-block-heading\">Le mat\u00e9riel et les produits utilis\u00e9s par Ephyvar<\/h2>\n\n\n\n<p><strong>Soucieux de votre sant\u00e9 et de l\u2019hygi\u00e8ne globale<\/strong>, nos sp\u00e9cialistes interviennent pour un nettoyage complet de vos vide-ordures avec une d\u00e9sinfection et <strong>une d\u00e9contamination totales<\/strong>.<\/p>\n\n\n\n<p>La plupart du temps, nous effectuons un hydrocurage ou <strong>un nettoyage haute pression des parois int\u00e9rieures<\/strong> sur toute leur surface. Suite \u00e0 cette action, nous appliquons un <strong>produit homologu\u00e9 et norm\u00e9<\/strong>. Nous pouvons \u00e9galement intervenir pour le nettoyage et la d\u00e9sinfection du local vide-ordures \u00e0 la haute pression.<\/p>\n\n\n\n<p>Vous l\u2019aurez compris, ne n\u00e9gligez pas vos vide-ordures et pensez \u00e0 Ephyvar pour un entretien de ces derniers, de m\u00eame que pour votre <a href=\"\/vmc-sanitaire-gaz\/\">VMC<\/a>.<\/p>\n\n\n\n<p>Besoin de conseils&nbsp;? Une question&nbsp;? N\u2019attendez plus et <a href=\"\/contact\/\">contactez-nous<\/a> d\u00e8s maintenant&nbsp;!<\/p>\n","protected":false},"excerpt":{"rendered":"<p>Quels sont les risques&nbsp;? Un vide-ordure non entretenu, non nettoy\u00e9 comporte des risques pour l\u2019hygi\u00e8ne et la sant\u00e9 des personnes vivant ou travaillant aux alentours. En effet, comme dit pr\u00e9c\u00e9demment, cela favorise la propagation des bact\u00e9ries et des virus mais \u00e9galement des insectes et des rongeurs ainsi que des mauvaises odeurs. Il est essentiel, pour&hellip;<\/p>\n","protected":false},"author":1,"featured_media":0,"parent":0,"menu_order":0,"comment_status":"closed","ping_status":"closed","template":"","meta":{"_monsterinsights_skip_tracking":false,"_monsterinsights_sitenote_active":false,"_monsterinsights_sitenote_note":"","_monsterinsights_sitenote_category":0,"footnotes":""},"class_list":["post-40","page","type-page","status-publish","hentry","description-off"],"yoast_head":"<!-- This site is optimized with the Yoast SEO plugin v27.5 - https:\/\/yoast.com\/product\/yoast-seo-wordpress\/ -->\n<title>Ephyvar - Entretien de vide-ordure - Groupe Par\u00e9<\/title>\n<meta name=\"description\" content=\"Ephyvar Toulon : d\u00e9sinfection, hydrocurage et entretien de vos vide-ordures.\" \/>\n<meta name=\"robots\" content=\"index, follow, max-snippet:-1, max-image-preview:large, max-video-preview:-1\" \/>\n<link rel=\"canonical\" href=\"https:\/\/www.groupepare.com\/index.php\/entretien-desinfection-vide-ordure-toulon\/\" \/>\n<meta property=\"og:locale\" content=\"fr_FR\" \/>\n<meta property=\"og:type\" content=\"article\" \/>\n<meta property=\"og:title\" content=\"Ephyvar - Entretien de vide-ordure - Groupe Par\u00e9\" \/>\n<meta property=\"og:description\" content=\"Ephyvar Toulon : d\u00e9sinfection, hydrocurage et entretien de vos vide-ordures.\" \/>\n<meta property=\"og:url\" content=\"https:\/\/www.groupepare.com\/index.php\/entretien-desinfection-vide-ordure-toulon\/\" \/>\n<meta property=\"og:site_name\" content=\"Groupe Par\u00e9\" \/>\n<meta property=\"article:modified_time\" content=\"2021-06-24T15:23:26+00:00\" \/>\n<meta name=\"twitter:card\" content=\"summary_large_image\" \/>\n<meta name=\"twitter:label1\" content=\"Dur\u00e9e de lecture estim\u00e9e\" \/>\n\t<meta name=\"twitter:data1\" content=\"1 minute\" \/>\n<script type=\"application\/ld+json\" class=\"yoast-schema-graph\">{\"@context\":\"https:\\\/\\\/schema.org\",\"@graph\":[{\"@type\":\"WebPage\",\"@id\":\"https:\\\/\\\/www.groupepare.com\\\/index.php\\\/entretien-desinfection-vide-ordure-toulon\\\/\",\"url\":\"https:\\\/\\\/www.groupepare.com\\\/index.php\\\/entretien-desinfection-vide-ordure-toulon\\\/\",\"name\":\"Ephyvar - Entretien de vide-ordure - Groupe Par\u00e9\",\"isPartOf\":{\"@id\":\"https:\\\/\\\/www.groupepare.com\\\/#website\"},\"datePublished\":\"2021-06-24T14:58:07+00:00\",\"dateModified\":\"2021-06-24T15:23:26+00:00\",\"description\":\"Ephyvar Toulon : d\u00e9sinfection, hydrocurage et entretien de vos vide-ordures.\",\"breadcrumb\":{\"@id\":\"https:\\\/\\\/www.groupepare.com\\\/index.php\\\/entretien-desinfection-vide-ordure-toulon\\\/#breadcrumb\"},\"inLanguage\":\"fr-FR\",\"potentialAction\":[{\"@type\":\"ReadAction\",\"target\":[\"https:\\\/\\\/www.groupepare.com\\\/index.php\\\/entretien-desinfection-vide-ordure-toulon\\\/\"]}]},{\"@type\":\"BreadcrumbList\",\"@id\":\"https:\\\/\\\/www.groupepare.com\\\/index.php\\\/entretien-desinfection-vide-ordure-toulon\\\/#breadcrumb\",\"itemListElement\":[{\"@type\":\"ListItem\",\"position\":1,\"name\":\"Accueil\",\"item\":\"https:\\\/\\\/www.groupepare.com\\\/\"},{\"@type\":\"ListItem\",\"position\":2,\"name\":\"Entretien de vide-ordure\"}]},{\"@type\":\"WebSite\",\"@id\":\"https:\\\/\\\/www.groupepare.com\\\/#website\",\"url\":\"https:\\\/\\\/www.groupepare.com\\\/\",\"name\":\"Groupe Par\u00e9\",\"description\":\"Traitement 3D, Assainissement, Bo\u00eetes aux lettres \u00e0 Toulon\",\"publisher\":{\"@id\":\"https:\\\/\\\/www.groupepare.com\\\/#organization\"},\"potentialAction\":[{\"@type\":\"SearchAction\",\"target\":{\"@type\":\"EntryPoint\",\"urlTemplate\":\"https:\\\/\\\/www.groupepare.com\\\/?s={search_term_string}\"},\"query-input\":{\"@type\":\"PropertyValueSpecification\",\"valueRequired\":true,\"valueName\":\"search_term_string\"}}],\"inLanguage\":\"fr-FR\"},{\"@type\":\"Organization\",\"@id\":\"https:\\\/\\\/www.groupepare.com\\\/#organization\",\"name\":\"Groupe Par\u00e9\",\"url\":\"https:\\\/\\\/www.groupepare.com\\\/\",\"logo\":{\"@type\":\"ImageObject\",\"inLanguage\":\"fr-FR\",\"@id\":\"https:\\\/\\\/www.groupepare.com\\\/#\\\/schema\\\/logo\\\/image\\\/\",\"url\":\"https:\\\/\\\/www.groupepare.com\\\/wp-content\\\/uploads\\\/2021\\\/06\\\/Groupe-Pare-logo-200px.png\",\"contentUrl\":\"https:\\\/\\\/www.groupepare.com\\\/wp-content\\\/uploads\\\/2021\\\/06\\\/Groupe-Pare-logo-200px.png\",\"width\":200,\"height\":200,\"caption\":\"Groupe Par\u00e9\"},\"image\":{\"@id\":\"https:\\\/\\\/www.groupepare.com\\\/#\\\/schema\\\/logo\\\/image\\\/\"}}]}<\/script>\n<!-- \/ Yoast SEO plugin. -->","yoast_head_json":{"title":"Ephyvar - Entretien de vide-ordure - Groupe Par\u00e9","description":"Ephyvar Toulon : d\u00e9sinfection, hydrocurage et entretien de vos vide-ordures.","robots":{"index":"index","follow":"follow","max-snippet":"max-snippet:-1","max-image-preview":"max-image-preview:large","max-video-preview":"max-video-preview:-1"},"canonical":"https:\/\/www.groupepare.com\/index.php\/entretien-desinfection-vide-ordure-toulon\/","og_locale":"fr_FR","og_type":"article","og_title":"Ephyvar - Entretien de vide-ordure - Groupe Par\u00e9","og_description":"Ephyvar Toulon : d\u00e9sinfection, hydrocurage et entretien de vos vide-ordures.","og_url":"https:\/\/www.groupepare.com\/index.php\/entretien-desinfection-vide-ordure-toulon\/","og_site_name":"Groupe Par\u00e9","article_modified_time":"2021-06-24T15:23:26+00:00","twitter_card":"summary_large_image","twitter_misc":{"Dur\u00e9e de lecture estim\u00e9e":"1 minute"},"schema":{"@context":"https:\/\/schema.org","@graph":[{"@type":"WebPage","@id":"https:\/\/www.groupepare.com\/index.php\/entretien-desinfection-vide-ordure-toulon\/","url":"https:\/\/www.groupepare.com\/index.php\/entretien-desinfection-vide-ordure-toulon\/","name":"Ephyvar - Entretien de vide-ordure - Groupe Par\u00e9","isPartOf":{"@id":"https:\/\/www.groupepare.com\/#website"},"datePublished":"2021-06-24T14:58:07+00:00","dateModified":"2021-06-24T15:23:26+00:00","description":"Ephyvar Toulon : d\u00e9sinfection, hydrocurage et entretien de vos vide-ordures.","breadcrumb":{"@id":"https:\/\/www.groupepare.com\/index.php\/entretien-desinfection-vide-ordure-toulon\/#breadcrumb"},"inLanguage":"fr-FR","potentialAction":[{"@type":"ReadAction","target":["https:\/\/www.groupepare.com\/index.php\/entretien-desinfection-vide-ordure-toulon\/"]}]},{"@type":"BreadcrumbList","@id":"https:\/\/www.groupepare.com\/index.php\/entretien-desinfection-vide-ordure-toulon\/#breadcrumb","itemListElement":[{"@type":"ListItem","position":1,"name":"Accueil","item":"https:\/\/www.groupepare.com\/"},{"@type":"ListItem","position":2,"name":"Entretien de vide-ordure"}]},{"@type":"WebSite","@id":"https:\/\/www.groupepare.com\/#website","url":"https:\/\/www.groupepare.com\/","name":"Groupe Par\u00e9","description":"Traitement 3D, Assainissement, Bo\u00eetes aux lettres \u00e0 Toulon","publisher":{"@id":"https:\/\/www.groupepare.com\/#organization"},"potentialAction":[{"@type":"SearchAction","target":{"@type":"EntryPoint","urlTemplate":"https:\/\/www.groupepare.com\/?s={search_term_string}"},"query-input":{"@type":"PropertyValueSpecification","valueRequired":true,"valueName":"search_term_string"}}],"inLanguage":"fr-FR"},{"@type":"Organization","@id":"https:\/\/www.groupepare.com\/#organization","name":"Groupe Par\u00e9","url":"https:\/\/www.groupepare.com\/","logo":{"@type":"ImageObject","inLanguage":"fr-FR","@id":"https:\/\/www.groupepare.com\/#\/schema\/logo\/image\/","url":"https:\/\/www.groupepare.com\/wp-content\/uploads\/2021\/06\/Groupe-Pare-logo-200px.png","contentUrl":"https:\/\/www.groupepare.com\/wp-content\/uploads\/2021\/06\/Groupe-Pare-logo-200px.png","width":200,"height":200,"caption":"Groupe Par\u00e9"},"image":{"@id":"https:\/\/www.groupepare.com\/#\/schema\/logo\/image\/"}}]}},"_links":{"self":[{"href":"https:\/\/www.groupepare.com\/index.php\/wp-json\/wp\/v2\/pages\/40","targetHints":{"allow":["GET"]}}],"collection":[{"href":"https:\/\/www.groupepare.com\/index.php\/wp-json\/wp\/v2\/pages"}],"about":[{"href":"https:\/\/www.groupepare.com\/index.php\/wp-json\/wp\/v2\/types\/page"}],"author":[{"embeddable":true,"href":"https:\/\/www.groupepare.com\/index.php\/wp-json\/wp\/v2\/users\/1"}],"replies":[{"embeddable":true,"href":"https:\/\/www.groupepare.com\/index.php\/wp-json\/wp\/v2\/comments?post=40"}],"version-history":[{"count":1,"href":"https:\/\/www.groupepare.com\/index.php\/wp-json\/wp\/v2\/pages\/40\/revisions"}],"predecessor-version":[{"id":41,"href":"https:\/\/www.groupepare.com\/index.php\/wp-json\/wp\/v2\/pages\/40\/revisions\/41"}],"wp:attachment":[{"href":"https:\/\/www.groupepare.com\/index.php\/wp-json\/wp\/v2\/media?parent=40"}],"curies":[{"name":"wp","href":"https:\/\/api.w.org\/{rel}","templated":true}]}}