{"id":49,"date":"2021-06-25T13:52:42","date_gmt":"2021-06-25T11:52:42","guid":{"rendered":"https:\/\/groupepawo.cluster011.ovh.net\/?page_id=49"},"modified":"2021-09-22T16:31:01","modified_gmt":"2021-09-22T14:31:01","slug":"assainissement-debouchage-canalisations-curage-vidange","status":"publish","type":"page","link":"https:\/\/www.groupepare.com\/index.php\/assainissement-debouchage-canalisations-curage-vidange\/","title":{"rendered":"Assainissement, d\u00e9bouchage de canalisations, curage et vidange"},"content":{"rendered":"\n<h2 class=\"wp-block-heading\"><img decoding=\"async\" class=\"wp-image-2537\" style=\"width: 300px;float:left;margin:0 10px 10px 0;\" src=\"\/wp-content\/uploads\/2021\/09\/adobestock-5688523-300x300px.png\" alt=\"Assainissement individuel\">Assainissement individuel<\/h2>\n\n\n\n<p>L\u2019assainissement individuel concerne les logements qui ne sont pas raccord\u00e9s au r\u00e9seau public de collecte des eaux us\u00e9es. Aussi, ils doivent donc traiter ces derni\u00e8res sur place, avant de les rejeter dans le milieu naturel. Nous entretenons de ce fait des <strong>\u00e9quipements individuels<\/strong>, destin\u00e9s \u00e0 r\u00e9aliser <strong>la collecte, le pr\u00e9traitement, l\u2019\u00e9puration et le rejet des eaux us\u00e9es. <\/strong>L&rsquo;assainissement s\u2019effectue par infiltration dans le sol ou par exutoire dans un cours d\u2019eau. Le pr\u00e9traitement se d\u00e9roule donc par une fosse toutes eaux ou une fosse septique et, \u00e9ventuellement, par un bac \u00e0 graisses. Enfin, les micro-stations peuvent aussi proc\u00e9der au pr\u00e9traitement et au traitement.<\/p>\n\n\n\n<h2 class=\"wp-block-heading\"><img decoding=\"async\" class=\"wp-image-2536\" style=\"width: 300px;float:right;margin:0 0 10px 10px;\" src=\"\/wp-content\/uploads\/2021\/09\/adobestock-92718235-300x300px.png\" alt=\"Assainissement collectif\">Assainissement collectif<\/h2>\n\n\n\n<p>L\u2019assainissement collectif permet de <strong>collecter les eaux us\u00e9es de plusieurs logements<\/strong> ainsi que les eaux pluviales. Ces eaux sales sont ensuite dirig\u00e9es imm\u00e9diatement vers le milieu naturel. Il s\u2019agit d\u2019<strong>acheminer ces eaux vers une station d\u2019\u00e9puration<\/strong> gr\u00e2ce \u00e0 de grandes canalisations. Parfois, cette \u00e9tape n\u00e9cessite l\u2019usage de stations de relevage. Pour cela, il existe deux types de r\u00e9seau d\u2019assainissement collectif : <strong>unitaire<\/strong> (les eaux us\u00e9es et pluviales s\u2019\u00e9vacuent par le m\u00eame r\u00e9seau). Et <strong>s\u00e9paratif<\/strong>, o\u00f9 les eaux suivent une \u00e9vacuation s\u00e9par\u00e9e. Donc, pour l\u2019assainissement collectif, vous avez pour <strong>obligation d\u2019\u00eatre raccord\u00e9 au tout-\u00e0-l\u2019\u00e9gout<\/strong> et d\u2019assurer <strong>le paiement d\u2019une redevance assainissement. <\/strong>La ville ou l\u2019\u00e9tablissement public de coop\u00e9ration intercommunale (EPCI) fixent son montant.<\/p>\n","protected":false},"excerpt":{"rendered":"<p>Assainissement individuel L\u2019assainissement individuel concerne les logements qui ne sont pas raccord\u00e9s au r\u00e9seau public de collecte des eaux us\u00e9es. Aussi, ils doivent donc traiter ces derni\u00e8res sur place, avant de les rejeter dans le milieu naturel. Nous entretenons de ce fait des \u00e9quipements individuels, destin\u00e9s \u00e0 r\u00e9aliser la collecte, le pr\u00e9traitement, l\u2019\u00e9puration et le&hellip;<\/p>\n","protected":false},"author":1,"featured_media":0,"parent":0,"menu_order":0,"comment_status":"closed","ping_status":"closed","template":"","meta":{"_monsterinsights_skip_tracking":false,"_monsterinsights_sitenote_active":false,"_monsterinsights_sitenote_note":"","_monsterinsights_sitenote_category":0,"footnotes":""},"class_list":["post-49","page","type-page","status-publish","hentry","description-off"],"yoast_head":"<!-- This site is optimized with the Yoast SEO plugin v27.4 - https:\/\/yoast.com\/product\/yoast-seo-wordpress\/ -->\n<title>D\u00e9bouchage Assistance - Assainissement, d\u00e9bouchage de canalisations, curage et vidange - Groupe Par\u00e9<\/title>\n<meta name=\"description\" content=\"Probl\u00e8me avec les eaux us\u00e9es ? Demandez-nous d&#039;intervenir pour l&#039;assainissement collectif ou individuel vers Toulon, le d\u00e9bouchage de vos canalisations.\" \/>\n<meta name=\"robots\" content=\"index, follow, max-snippet:-1, max-image-preview:large, max-video-preview:-1\" \/>\n<link rel=\"canonical\" href=\"https:\/\/www.groupepare.com\/index.php\/assainissement-debouchage-canalisations-curage-vidange\/\" \/>\n<meta property=\"og:locale\" content=\"fr_FR\" \/>\n<meta property=\"og:type\" content=\"article\" \/>\n<meta property=\"og:title\" content=\"D\u00e9bouchage Assistance - Assainissement, d\u00e9bouchage de canalisations, curage et vidange - Groupe Par\u00e9\" \/>\n<meta property=\"og:description\" content=\"Probl\u00e8me avec les eaux us\u00e9es ? Demandez-nous d&#039;intervenir pour l&#039;assainissement collectif ou individuel vers Toulon, le d\u00e9bouchage de vos canalisations.\" \/>\n<meta property=\"og:url\" content=\"https:\/\/www.groupepare.com\/index.php\/assainissement-debouchage-canalisations-curage-vidange\/\" \/>\n<meta property=\"og:site_name\" content=\"Groupe Par\u00e9\" \/>\n<meta property=\"article:modified_time\" content=\"2021-09-22T14:31:01+00:00\" \/>\n<meta name=\"twitter:card\" content=\"summary_large_image\" \/>\n<meta name=\"twitter:label1\" content=\"Dur\u00e9e de lecture estim\u00e9e\" \/>\n\t<meta name=\"twitter:data1\" content=\"2 minutes\" \/>\n<script type=\"application\/ld+json\" class=\"yoast-schema-graph\">{\"@context\":\"https:\\\/\\\/schema.org\",\"@graph\":[{\"@type\":\"WebPage\",\"@id\":\"https:\\\/\\\/www.groupepare.com\\\/index.php\\\/assainissement-debouchage-canalisations-curage-vidange\\\/\",\"url\":\"https:\\\/\\\/www.groupepare.com\\\/index.php\\\/assainissement-debouchage-canalisations-curage-vidange\\\/\",\"name\":\"D\u00e9bouchage Assistance - Assainissement, d\u00e9bouchage de canalisations, curage et vidange - Groupe Par\u00e9\",\"isPartOf\":{\"@id\":\"https:\\\/\\\/www.groupepare.com\\\/#website\"},\"datePublished\":\"2021-06-25T11:52:42+00:00\",\"dateModified\":\"2021-09-22T14:31:01+00:00\",\"description\":\"Probl\u00e8me avec les eaux us\u00e9es ? Demandez-nous d'intervenir pour l'assainissement collectif ou individuel vers Toulon, le d\u00e9bouchage de vos canalisations.\",\"breadcrumb\":{\"@id\":\"https:\\\/\\\/www.groupepare.com\\\/index.php\\\/assainissement-debouchage-canalisations-curage-vidange\\\/#breadcrumb\"},\"inLanguage\":\"fr-FR\",\"potentialAction\":[{\"@type\":\"ReadAction\",\"target\":[\"https:\\\/\\\/www.groupepare.com\\\/index.php\\\/assainissement-debouchage-canalisations-curage-vidange\\\/\"]}]},{\"@type\":\"BreadcrumbList\",\"@id\":\"https:\\\/\\\/www.groupepare.com\\\/index.php\\\/assainissement-debouchage-canalisations-curage-vidange\\\/#breadcrumb\",\"itemListElement\":[{\"@type\":\"ListItem\",\"position\":1,\"name\":\"Accueil\",\"item\":\"https:\\\/\\\/www.groupepare.com\\\/\"},{\"@type\":\"ListItem\",\"position\":2,\"name\":\"Assainissement, d\u00e9bouchage de canalisations, curage et vidange\"}]},{\"@type\":\"WebSite\",\"@id\":\"https:\\\/\\\/www.groupepare.com\\\/#website\",\"url\":\"https:\\\/\\\/www.groupepare.com\\\/\",\"name\":\"Groupe Par\u00e9\",\"description\":\"Traitement 3D, Assainissement, Bo\u00eetes aux lettres \u00e0 Toulon\",\"publisher\":{\"@id\":\"https:\\\/\\\/www.groupepare.com\\\/#organization\"},\"potentialAction\":[{\"@type\":\"SearchAction\",\"target\":{\"@type\":\"EntryPoint\",\"urlTemplate\":\"https:\\\/\\\/www.groupepare.com\\\/?s={search_term_string}\"},\"query-input\":{\"@type\":\"PropertyValueSpecification\",\"valueRequired\":true,\"valueName\":\"search_term_string\"}}],\"inLanguage\":\"fr-FR\"},{\"@type\":\"Organization\",\"@id\":\"https:\\\/\\\/www.groupepare.com\\\/#organization\",\"name\":\"Groupe Par\u00e9\",\"url\":\"https:\\\/\\\/www.groupepare.com\\\/\",\"logo\":{\"@type\":\"ImageObject\",\"inLanguage\":\"fr-FR\",\"@id\":\"https:\\\/\\\/www.groupepare.com\\\/#\\\/schema\\\/logo\\\/image\\\/\",\"url\":\"https:\\\/\\\/www.groupepare.com\\\/wp-content\\\/uploads\\\/2021\\\/06\\\/Groupe-Pare-logo-200px.png\",\"contentUrl\":\"https:\\\/\\\/www.groupepare.com\\\/wp-content\\\/uploads\\\/2021\\\/06\\\/Groupe-Pare-logo-200px.png\",\"width\":200,\"height\":200,\"caption\":\"Groupe Par\u00e9\"},\"image\":{\"@id\":\"https:\\\/\\\/www.groupepare.com\\\/#\\\/schema\\\/logo\\\/image\\\/\"}}]}<\/script>\n<!-- \/ Yoast SEO plugin. -->","yoast_head_json":{"title":"D\u00e9bouchage Assistance - Assainissement, d\u00e9bouchage de canalisations, curage et vidange - Groupe Par\u00e9","description":"Probl\u00e8me avec les eaux us\u00e9es ? Demandez-nous d'intervenir pour l'assainissement collectif ou individuel vers Toulon, le d\u00e9bouchage de vos canalisations.","robots":{"index":"index","follow":"follow","max-snippet":"max-snippet:-1","max-image-preview":"max-image-preview:large","max-video-preview":"max-video-preview:-1"},"canonical":"https:\/\/www.groupepare.com\/index.php\/assainissement-debouchage-canalisations-curage-vidange\/","og_locale":"fr_FR","og_type":"article","og_title":"D\u00e9bouchage Assistance - Assainissement, d\u00e9bouchage de canalisations, curage et vidange - Groupe Par\u00e9","og_description":"Probl\u00e8me avec les eaux us\u00e9es ? Demandez-nous d'intervenir pour l'assainissement collectif ou individuel vers Toulon, le d\u00e9bouchage de vos canalisations.","og_url":"https:\/\/www.groupepare.com\/index.php\/assainissement-debouchage-canalisations-curage-vidange\/","og_site_name":"Groupe Par\u00e9","article_modified_time":"2021-09-22T14:31:01+00:00","twitter_card":"summary_large_image","twitter_misc":{"Dur\u00e9e de lecture estim\u00e9e":"2 minutes"},"schema":{"@context":"https:\/\/schema.org","@graph":[{"@type":"WebPage","@id":"https:\/\/www.groupepare.com\/index.php\/assainissement-debouchage-canalisations-curage-vidange\/","url":"https:\/\/www.groupepare.com\/index.php\/assainissement-debouchage-canalisations-curage-vidange\/","name":"D\u00e9bouchage Assistance - Assainissement, d\u00e9bouchage de canalisations, curage et vidange - Groupe Par\u00e9","isPartOf":{"@id":"https:\/\/www.groupepare.com\/#website"},"datePublished":"2021-06-25T11:52:42+00:00","dateModified":"2021-09-22T14:31:01+00:00","description":"Probl\u00e8me avec les eaux us\u00e9es ? Demandez-nous d'intervenir pour l'assainissement collectif ou individuel vers Toulon, le d\u00e9bouchage de vos canalisations.","breadcrumb":{"@id":"https:\/\/www.groupepare.com\/index.php\/assainissement-debouchage-canalisations-curage-vidange\/#breadcrumb"},"inLanguage":"fr-FR","potentialAction":[{"@type":"ReadAction","target":["https:\/\/www.groupepare.com\/index.php\/assainissement-debouchage-canalisations-curage-vidange\/"]}]},{"@type":"BreadcrumbList","@id":"https:\/\/www.groupepare.com\/index.php\/assainissement-debouchage-canalisations-curage-vidange\/#breadcrumb","itemListElement":[{"@type":"ListItem","position":1,"name":"Accueil","item":"https:\/\/www.groupepare.com\/"},{"@type":"ListItem","position":2,"name":"Assainissement, d\u00e9bouchage de canalisations, curage et vidange"}]},{"@type":"WebSite","@id":"https:\/\/www.groupepare.com\/#website","url":"https:\/\/www.groupepare.com\/","name":"Groupe Par\u00e9","description":"Traitement 3D, Assainissement, Bo\u00eetes aux lettres \u00e0 Toulon","publisher":{"@id":"https:\/\/www.groupepare.com\/#organization"},"potentialAction":[{"@type":"SearchAction","target":{"@type":"EntryPoint","urlTemplate":"https:\/\/www.groupepare.com\/?s={search_term_string}"},"query-input":{"@type":"PropertyValueSpecification","valueRequired":true,"valueName":"search_term_string"}}],"inLanguage":"fr-FR"},{"@type":"Organization","@id":"https:\/\/www.groupepare.com\/#organization","name":"Groupe Par\u00e9","url":"https:\/\/www.groupepare.com\/","logo":{"@type":"ImageObject","inLanguage":"fr-FR","@id":"https:\/\/www.groupepare.com\/#\/schema\/logo\/image\/","url":"https:\/\/www.groupepare.com\/wp-content\/uploads\/2021\/06\/Groupe-Pare-logo-200px.png","contentUrl":"https:\/\/www.groupepare.com\/wp-content\/uploads\/2021\/06\/Groupe-Pare-logo-200px.png","width":200,"height":200,"caption":"Groupe Par\u00e9"},"image":{"@id":"https:\/\/www.groupepare.com\/#\/schema\/logo\/image\/"}}]}},"_links":{"self":[{"href":"https:\/\/www.groupepare.com\/index.php\/wp-json\/wp\/v2\/pages\/49","targetHints":{"allow":["GET"]}}],"collection":[{"href":"https:\/\/www.groupepare.com\/index.php\/wp-json\/wp\/v2\/pages"}],"about":[{"href":"https:\/\/www.groupepare.com\/index.php\/wp-json\/wp\/v2\/types\/page"}],"author":[{"embeddable":true,"href":"https:\/\/www.groupepare.com\/index.php\/wp-json\/wp\/v2\/users\/1"}],"replies":[{"embeddable":true,"href":"https:\/\/www.groupepare.com\/index.php\/wp-json\/wp\/v2\/comments?post=49"}],"version-history":[{"count":5,"href":"https:\/\/www.groupepare.com\/index.php\/wp-json\/wp\/v2\/pages\/49\/revisions"}],"predecessor-version":[{"id":2545,"href":"https:\/\/www.groupepare.com\/index.php\/wp-json\/wp\/v2\/pages\/49\/revisions\/2545"}],"wp:attachment":[{"href":"https:\/\/www.groupepare.com\/index.php\/wp-json\/wp\/v2\/media?parent=49"}],"curies":[{"name":"wp","href":"https:\/\/api.w.org\/{rel}","templated":true}]}}